st the prime factors of 2345436233.
7, 335062319
What are the prime factors of 537824839?
41, 13117679
What are the prime factors of 712649152?
2, 71, 156833
List the prime factors of 370638121.
7, 52948303
List the prime factors of 3414471944.
2, 13, 194269
List the prime factors of 10880483.
19, 572657
List the prime factors of 45207591.
3, 11, 13, 105379
List the prime factors of 301096498.
2, 53, 1193, 2381
List the prime factors of 62640425.
5, 47, 89, 599
List the prime factors of 1538568682.
2, 7, 109897763
What are the prime factors of 235400067?
3, 7, 177929
List the prime factors of 217330819.
217330819
List the prime factors of 103845864.
2, 3, 4326911
List the prime factors of 137096907.
3, 41, 257, 4337
What are the prime factors of 868208527?
103, 8429209
List the prime factors of 233577193.
11801, 19793
List the prime factors of 110418744.
2, 3, 109, 42209
List the prime factors of 1826411157.
3, 19, 97, 149, 739
What are the prime factors of 41079619?
7, 31, 189307
List the prime factors of 2652065658.
2, 3, 11, 349, 1163
What are the prime factors of 2562602027?
971, 1249, 2113
What are the prime factors of 18988762?
2, 13, 17, 42961
What are the prime factors of 178829333?
71, 857, 2939
List the prime factors of 400751401.
19, 131, 161009
What are the prime factors of 619881414?
2, 3, 353, 292673
What are the prime factors of 143436901?
23, 37, 41, 4111
What are the prime factors of 571386322?
2, 13, 43, 53, 9643
List the prime factors of 114699756.
2, 3, 29, 329597
List the prime factors of 884973484.
2, 23, 79, 121763
List the prime factors of 3940173240.
2, 3, 5, 23, 1427599
What are the prime factors of 366099693?
3, 122033231
What are the prime factors of 3736065304?
2, 19, 41, 487, 1231
What are the prime factors of 2819954238?
2, 3, 23, 61, 334991
What are the prime factors of 539190131?
181, 631, 4721
What are the prime factors of 267529802?
2, 853, 156817
What are the prime factors of 321847918?
2, 7, 22989137
What are the prime factors of 58365885?
3, 5, 1097, 3547
What are the prime factors of 3892759150?
2, 5, 7, 1063, 10463
What are the prime factors of 396313626?
2, 3, 41, 1611031
What are the prime factors of 69010078?
2, 107, 167, 1931
What are the prime factors of 714350376?
2, 3, 23, 101, 4271
What are the prime factors of 23715068?
2, 13, 17, 139, 193
List the prime factors of 493784638.
2, 89, 2774071
What are the prime factors of 38398421?
38398421
List the prime factors of 965198696.
2, 7, 11, 1566881
List the prime factors of 259339775.
5, 10373591
List the prime factors of 115414940.
2, 5, 5770747
List the prime factors of 3144358814.
2, 29, 54213083
List the prime factors of 1009741901.
7, 144248843
List the prime factors of 3036882425.
5, 137, 139, 6379
List the prime factors of 200865783.
3, 2803, 23887
What are the prime factors of 5414269355?
5, 11, 19, 293, 17683
What are the prime factors of 430654071?
3, 1039, 138163
List the prime factors of 5291077770.
2, 3, 5, 11, 67, 79769
What are the prime factors of 1035913908?
2, 3, 853, 101203
What are the prime factors of 134702462?
2, 67351231
What are the prime factors of 134340056?
2, 23, 61, 11969
List the prime factors of 3270727449.
3, 11, 953, 34667
List the prime factors of 341511149.
7, 19, 2567753
List the prime factors of 874321830.
2, 3, 5, 31, 104459
List the prime factors of 6213442579.
193, 373, 86311
List the prime factors of 3095238814.
2, 19, 43, 1894271
What are the prime factors of 4883718299?
17, 6263, 45869
What are the prime factors of 8626494845?
5, 1725298969
What are the prime factors of 175025000?
2, 5, 7001
List the prime factors of 665196383.
17, 1579, 24781
List the prime factors of 2237530535.
5, 19, 23552953
List the prime factors of 4883775564.
2, 3, 23, 139, 127301
List the prime factors of 108416067.
3, 36138689
What are the prime factors of 479197568?
2, 79, 47389
List the prime factors of 11581828.
2, 17, 181, 941
What are the prime factors of 234559334?
2, 117279667
List the prime factors of 2234992692.
2, 3, 47, 701, 5653
List the prime factors of 77273358.
2, 3, 47, 274019
What are the prime factors of 47676633?
3, 3823, 4157
What are the prime factors of 2209040962?
2, 17, 64971793
List the prime factors of 92214913.
7, 1881937
List the prime factors of 243490066.
2, 379, 321227
List the prime factors of 1170154208.
2, 36567319
List the prime factors of 864185785.
5, 23, 7514659
List the prime factors of 2755042301.
11, 281, 891311
What are the prime factors of 151155942?
2, 3, 7, 17, 269, 787
What are the prime factors of 6125810096?
2, 7, 54694733
What are the prime factors of 13375770?
2, 3, 5, 17, 26227
List the prime factors of 351341234.
2, 175670617
What are the prime factors of 6622856?
2, 827857
What are the prime factors of 2144350153?
11, 194940923
List the prime factors of 91985231.
13, 331, 21377
What are the prime factors of 6487590?
2, 3, 5, 29, 7457
What are the prime factors of 501353895?
3, 5, 7, 1777, 2687
What are the prime factors of 63644299?
29, 2194631
What are the prime factors of 602934705?
3, 5, 103, 131, 331
List the prime factors of 320014826.
2, 29, 5517497
List the prime factors of 1284445071.
3, 7, 13, 1568309
What are the prime factors of 3359390131?
29, 115841039
List the prime factors of 963565195.
5, 192713039
List the prime factors of 416778632.
2, 31, 277, 6067
List the prime factors of 287374263.
3, 11, 311, 28001
What are the prime factors of 27677392?
2, 661, 2617
List the prime factors of 1875738680.
2, 5, 37, 433, 2927
List the prime factors of 9975319.
9975319
List the prime factors of 519809530.
2, 5, 51980953
List the prime factors of 46311051.
3, 2833, 5449
List the prime factors of 237846549.
3, 281, 282143
What are the prime factors of 1301401476?
2, 3, 17, 373, 5701
What are the prime factors of 1290728748?
2, 3, 19, 797, 7103
List the prime factors of 1353970777.
2659, 509203
What are the prime factors of 259399392?
2, 3, 7, 43, 47, 191
List the prime factors of 454583845.
5, 23, 29, 31, 4397
What are the prime factors of 184847678?
2, 2281, 40519
What are the prime factors of 1801931499?
3, 127, 1576493
List the prime factors of 244481449.
244481449
List the prime factors of 512740340.
2, 5, 7, 1259, 2909
What are the prime factors of 8384525220?
2, 3, 5, 10949, 12763
List the prime factors of 122357072.
2, 53, 144289
List the prime factors of 2841573875.
5, 7, 3247513
What are the prime factors of 271000849?
7, 38714407
List the prime factors of 126844610.
2, 5, 643, 19727
List the prime factors of 183019448.
2, 22877431
What are the prime factors of 1020749511?
3, 29, 131, 89563
List the prime factors of 49307115.
3, 5, 11, 13, 127, 181
What are the prime factors of 1365481620?
2, 3, 5, 101, 75109
What are the prime factors of 58074331?
7, 8296333
List the prime factors of 6769330514.
2, 23, 1489, 4297
List the prime factors of 2848700861.
227, 12549343
List the prime factors of 3601836413.
7, 1571, 327529
List the prime factors of 86180353.
7, 829, 14851
What are the prime factors of 69304457?
19, 1609, 2267
List the prime factors of 2116173711.
3, 79, 8929003
What are the prime factors of 477757572?
2, 3, 39813131
List the prime factors of 1805310771.
3, 11, 37, 997, 1483
What are the prime factors of 2715301766?
2, 47, 28886189
List the prime factors of 1936189940.
2, 5, 31, 157, 19891
What are the prime factors of 192046410?
2, 3, 5, 29, 24527
What are the prime factors of 240284768?
2, 419, 17921
What are the prime factors of 295162173?
3, 97, 199, 1699
List the prime factors of 166998264.
2, 3, 6958261
List the prime factors of 45604121.
197, 231493
List the prime factors of 2957490908.
2, 163, 4536029
What are the prime factors of 193058409?
3, 17, 3785459
List the prime factors of 1350961140.
2, 3, 5, 22516019
What are the prime factors of 2007921413?
23, 41, 2129291
List the prime factors of 264113307.
3, 1499, 19577
List the prime factors of 3530861269.
13, 349, 778237
What are the prime factors of 8492106?
2, 3, 7, 23, 59, 149
What are the prime factors of 46502852?
2, 11, 31, 103, 331
List the prime factors of 1285843210.
2, 5, 4231, 30391
What are the prime factors of 255816308?
2, 11, 29, 200483
What are the prime factors of 206564012?
2, 